{"id":107,"date":"2019-11-03T19:29:44","date_gmt":"2019-11-03T19:29:44","guid":{"rendered":"http:\/\/yourpres.de\/?page_id=107"},"modified":"2019-11-03T19:29:45","modified_gmt":"2019-11-03T19:29:45","slug":"herkunft-des-namen-kleindienst","status":"publish","type":"page","link":"http:\/\/yourpres.de\/?page_id=107","title":{"rendered":"Herkunft des Namen &#8222;Kleindienst&#8220;"},"content":{"rendered":"\n<p>Der Name dieser schon seit dem 13. Jahrhundert in L\u00fcbeck, Augsburg und Oberbayern, im 14. Jahrhundert in Niederbayern und N\u00fcrnberg, im 15. Jahrhundert in der Oberpflaz, dann seit dem 16. Jahrhundert in der Steiermark, Sachsen, W\u00fcrttemberg und am Oberrhein, auch in der Rheinpfalz vorkommende Familien d\u00fcrfte von zu leistenden Naturalabgaben, Kucheldiensten genannten Verpflichtungen, herkommen. Ein verwandtschaftlicher Zusammenhang muss unter diesen Familien nicht bestanden haben.<\/p>\n\n\n\n<p>Die w\u00fcrttembergische Familie Kleindienst wird ertmals erw\u00e4hnt mit Balthas Kleindienst, Forstknecht, sp\u00e4ter Schultheu\u00df zu Maulach, der hier im Alter von 84 Jahren am 10. November 1608 starb; Gattin Apollonia,  \u2020 Ro\u00dffeld 8.4.1594. Sein Sohn Utz (1568 &#8211; 1631), markgr\u00e4flich brandenburg-ansbachischer Wildmeister zu Weipertshofen bei Crailsheim, begr\u00fcndet die Crailsheimer Linie, deren gegenw\u00e4rtige Vertreter in Biberach a. d. Ri\u00df und in Detmold leben. Ein anderer Sohn des Balthas Hans (1569 &#8211; 1636), Schulthei\u00df in Maulach ist Stammvater der Fleiner- und Auensteiner Linie, von der noch jetzt Angeh\u00f6rige in Flein und Auenstein bei Heilbronn a. N., auch in Augsburg und Stuttgart-Sillenbuch ans\u00e4ssig sind. Eine Ahnentafel des von Balthasar Kleindienst abstammenden Vaters des Einsenders findet man in den &#8222;Bayrischen Geschlachtstafeln&#8220; des Bayerischen Landesvereins f\u00fcr Familienkunde in M\u00fcnchen. Band 1 (1938), sowie einen Auszug aus seiner umfangreichen Familiengeschichte in den &#8222;Bl\u00e4ttern&#8220; dieses Vereins Band 8 (1930) Seite 29 &#8211; 31. Das Wappen befindet sich auf zwei \u00e4lteren Siegelringen verschiedener Linien Kleindienst. Wenn es sich und auch sein Nachweis als freie Erfindung  eines \u00f6sterreichischen Wappenfabrikanten herausgestellt hat, so hat sich der Einsender Karl Kleindienst, Kaufmann in Biberach a. d. Ri\u00df, in Anbetracht seines Gebrauches durch mehrere Generationen hindurch, doch entschlossen, es als Familienwappen beizubehalten und es f\u00fcr sich und alle legitimen Nachkommen des \u00e4ltesten nachweisbaren Ahnherrn Balthaser Kleindienst vom Maulach zu stiften.<\/p>\n\n\n\n<div class=\"wp-block-image\"><figure class=\"aligncenter\"><img loading=\"lazy\" decoding=\"async\" width=\"351\" height=\"533\" src=\"http:\/\/yourpres.de\/wp-content\/uploads\/2019\/11\/Familienwappen_Kleindienst.jpg\" alt=\"\" class=\"wp-image-87\" srcset=\"http:\/\/yourpres.de\/wp-content\/uploads\/2019\/11\/Familienwappen_Kleindienst.jpg 351w, http:\/\/yourpres.de\/wp-content\/uploads\/2019\/11\/Familienwappen_Kleindienst-198x300.jpg 198w\" sizes=\"auto, (max-width: 351px) 100vw, 351px\" \/><\/figure><\/div>\n\n\n\n<p> <\/p>\n","protected":false},"excerpt":{"rendered":"<p>Der Name dieser schon seit dem 13. Jahrhundert in L\u00fcbeck, Augsburg und Oberbayern, im 14. Jahrhundert in Niederbayern und N\u00fcrnberg, &hellip; <\/p>\n","protected":false},"author":1,"featured_media":87,"parent":0,"menu_order":0,"comment_status":"closed","ping_status":"closed","template":"","meta":{"jetpack_post_was_ever_published":false,"footnotes":""},"class_list":["post-107","page","type-page","status-publish","has-post-thumbnail","hentry"],"jetpack_sharing_enabled":true,"jetpack_shortlink":"https:\/\/wp.me\/Pbioqc-1J","_links":{"self":[{"href":"http:\/\/yourpres.de\/index.php?rest_route=\/wp\/v2\/pages\/107","targetHints":{"allow":["GET"]}}],"collection":[{"href":"http:\/\/yourpres.de\/index.php?rest_route=\/wp\/v2\/pages"}],"about":[{"href":"http:\/\/yourpres.de\/index.php?rest_route=\/wp\/v2\/types\/page"}],"author":[{"embeddable":true,"href":"http:\/\/yourpres.de\/index.php?rest_route=\/wp\/v2\/users\/1"}],"replies":[{"embeddable":true,"href":"http:\/\/yourpres.de\/index.php?rest_route=%2Fwp%2Fv2%2Fcomments&post=107"}],"version-history":[{"count":1,"href":"http:\/\/yourpres.de\/index.php?rest_route=\/wp\/v2\/pages\/107\/revisions"}],"predecessor-version":[{"id":108,"href":"http:\/\/yourpres.de\/index.php?rest_route=\/wp\/v2\/pages\/107\/revisions\/108"}],"wp:featuredmedia":[{"embeddable":true,"href":"http:\/\/yourpres.de\/index.php?rest_route=\/wp\/v2\/media\/87"}],"wp:attachment":[{"href":"http:\/\/yourpres.de\/index.php?rest_route=%2Fwp%2Fv2%2Fmedia&parent=107"}],"curies":[{"name":"wp","href":"https:\/\/api.w.org\/{rel}","templated":true}]}}